{"id":2,"date":"2025-11-19T09:25:39","date_gmt":"2025-11-19T09:25:39","guid":{"rendered":"http:\/\/anneceleste.fr\/?page_id=2"},"modified":"2025-11-24T17:44:45","modified_gmt":"2025-11-24T17:44:45","slug":"sample-page","status":"publish","type":"page","link":"https:\/\/anneceleste.fr\/?page_id=2","title":{"rendered":"Portrait"},"content":{"rendered":"\n<figure class=\"wp-block-image size-full\"><img loading=\"lazy\" decoding=\"async\" width=\"2048\" height=\"2048\" src=\"https:\/\/anneceleste.fr\/wp-content\/uploads\/2025\/11\/83082563_10156662782791056_8287286560391430144_n.jpg\" alt=\"\" class=\"wp-image-186\" srcset=\"https:\/\/anneceleste.fr\/wp-content\/uploads\/2025\/11\/83082563_10156662782791056_8287286560391430144_n.jpg 2048w, https:\/\/anneceleste.fr\/wp-content\/uploads\/2025\/11\/83082563_10156662782791056_8287286560391430144_n-300x300.jpg 300w, https:\/\/anneceleste.fr\/wp-content\/uploads\/2025\/11\/83082563_10156662782791056_8287286560391430144_n-1024x1024.jpg 1024w, https:\/\/anneceleste.fr\/wp-content\/uploads\/2025\/11\/83082563_10156662782791056_8287286560391430144_n-150x150.jpg 150w, https:\/\/anneceleste.fr\/wp-content\/uploads\/2025\/11\/83082563_10156662782791056_8287286560391430144_n-768x768.jpg 768w, https:\/\/anneceleste.fr\/wp-content\/uploads\/2025\/11\/83082563_10156662782791056_8287286560391430144_n-1536x1536.jpg 1536w\" sizes=\"auto, (max-width: 2048px) 100vw, 2048px\" \/><\/figure>\n\n\n\n<h3 class=\"wp-block-heading has-text-color has-link-color wp-elements-7f42c889fb72e14abf502b8a2b8d4fc6\" style=\"color:#d6af70\"><strong> Architecte d&#8217;int\u00e9rieur et paysagiste<\/strong> <strong>Anne C\u00e9leste<\/strong><\/h3>\n\n\n\n<hr class=\"wp-block-separator has-alpha-channel-opacity\"\/>\n\n\n\n<p>Je suis <strong>Anne C\u00e9leste<\/strong>. Ma passion pour l&#8217;architecture et la d\u00e9coration int\u00e9rieure est \u00e9tay\u00e9e par une formation re\u00e7ue \u00e0 l&#8217;<strong>Acad\u00e9mie d&#8217;Architecture et des Beaux-Arts<\/strong> de l&#8221;OURAL, o\u00f9 j&#8217;ai obtenu une double sp\u00e9cialisation en <strong>design d&#8217;int\u00e9rieur et architecture paysag\u00e8re<\/strong>.<\/p>\n\n\n\n<p>Mon parcours pratique a d\u00e9but\u00e9 il y a <strong>dix ans<\/strong> au sein d&#8217;un cabinet d&#8217;architecture en France. Cette d\u00e9cennie d&#8217;exp\u00e9rience m&#8217;a conf\u00e9r\u00e9 non seulement une rigueur technique, mais a \u00e9galement aiguis\u00e9 mon sens du d\u00e9tail et de l&#8217;harmonie. Il y a trois ans, j&#8217;ai choisi l&#8217;entrepreneuriat pour mettre ma propre vision au service de projets personnels, m&#8217;engageant ainsi plus directement aupr\u00e8s de ma client\u00e8le.<\/p>\n\n\n\n<p>Mon domaine d&#8217;expertise est la <strong>restauration compl\u00e8te de propri\u00e9t\u00e9s de prestige<\/strong> \u2014 qu&#8217;il s&#8217;agisse de demeures historiques ou d&#8217;appartements contemporains. Mon r\u00f4le est global, il couvre tout le processus : de l&#8217;\u00e9laboration de la conception initiale et l&#8217;obtention des permis de construire jusqu&#8217;\u00e0 la livraison du projet &#8220;cl\u00e9 en main&#8221;.<\/p>\n\n\n\n<p>Mon travail va d&#8217;ailleurs bien au-del\u00e0 du seul int\u00e9rieur. J&#8217;accorde une <strong>importance capitale<\/strong> \u00e0 l&#8217;environnement ext\u00e9rieur. L&#8217;<strong>am\u00e9nagement paysager<\/strong> est r\u00e9alis\u00e9 avec un <strong>sens du d\u00e9tail<\/strong> exceptionnel. Pour moi, un jardin n&#8217;est pas une simple juxtaposition de plantes, mais la cr\u00e9ation d&#8217;une <strong>atmosph\u00e8re unique et riche<\/strong>. J&#8217;\u00e9tudie minutieusement chaque <strong>composition<\/strong> et structure, tout en assurant les bases d&#8217;un <strong>entretien futur simple et efficace<\/strong>, afin que cette beaut\u00e9 perdure au fil des ans.<\/p>\n\n\n\n<h3 class=\"wp-block-heading has-text-color has-link-color wp-elements-99175ba0ef4e2829f99fd0061b7a4fff\" style=\"color:#d6af70\"><strong> \u00c9quipe et Conduite des Travaux<\/strong><\/h3>\n\n\n\n<p>La concr\u00e9tisation de projets haut de gamme n\u00e9cessite une \u00e9quipe de confiance. Je travaille en \u00e9troite <strong>collaboration avec des partenaires \u00e9prouv\u00e9s et fiables<\/strong>, qui ex\u00e9cutent tous les corps de m\u00e9tier du b\u00e2timent et de la finition. L&#8217;int\u00e9gralit\u00e9 de leurs travaux est plac\u00e9e sous <strong>ma supervision d&#8217;auteur et mon contr\u00f4le technique<\/strong>. De surcro\u00eet, durant l&#8217;ex\u00e9cution, je <strong>r\u00e9agis imm\u00e9diatement<\/strong> pour apporter les <strong>ajustements n\u00e9cessaires aux plans et au projet<\/strong>, assurant ainsi la flexibilit\u00e9 et la conformit\u00e9 absolue du r\u00e9sultat final \u00e0 vos aspirations.<\/p>\n\n\n\n<h3 class=\"wp-block-heading has-text-color has-link-color wp-elements-c1272190455e9040cfc6354df6159738\" style=\"color:#d6af70\"><strong> La Ma\u00eetrise des Esth\u00e9tiques<\/strong><\/h3>\n\n\n\n<p>Ce qui caract\u00e9rise mon approche, c&#8217;est ma <strong>souplesse stylistique<\/strong>. Je ne me confine pas \u00e0 une seule esth\u00e9tique ; je jongle avec les codes du design pour concevoir l&#8217;espace qui vous ressemble v\u00e9ritablement.<\/p>\n\n\n\n<ul class=\"wp-block-list\">\n<li><strong>Style Classique R\u00e9gional (Proven\u00e7al) :<\/strong> J&#8217;honore l&#8217;h\u00e9ritage des proportions justes, de l&#8217;\u00e9quilibre et de l&#8217;\u00e9l\u00e9gance intemporelle. Sur la C\u00f4te d&#8217;Azur, ma passion est de redonner ses lettres de noblesse au charme authentique de la <strong>Bastide Proven\u00e7ale<\/strong>. J&#8217;utilise les mat\u00e9riaux locaux, les tonalit\u00e9s chaleureuses et l&#8217;esprit du Sud pour cr\u00e9er des int\u00e9rieurs qui racontent une histoire, conjuguant le confort moderne \u00e0 l&#8217;\u00e2me raffin\u00e9e et rustique de la Provence.<\/li>\n\n\n\n<li><strong>Minimalisme Contemporain :<\/strong> Inversement, je trouve une satisfaction particuli\u00e8re \u00e0 \u00e9purer l&#8217;espace, travaillant avec la lumi\u00e8re, les mati\u00e8res nobles et les lignes \u00e9pur\u00e9es afin de cr\u00e9er des havres de s\u00e9r\u00e9nit\u00e9 et de fonctionnalit\u00e9.<\/li>\n<\/ul>\n\n\n\n<p>Pour moi, la v\u00e9ritable r\u00e9ussite r\u00e9side dans la juste alchimie entre l&#8217;<strong>esth\u00e9tique<\/strong> \u2014 l&#8217;\u00e2me du projet \u2014, la <strong>praticit\u00e9<\/strong> \u2014 la mani\u00e8re dont vous vivez l&#8217;espace au quotidien \u2014 et le respect du <strong>cadrage budg\u00e9taire<\/strong>. Mon objectif est d&#8217;exalter le caract\u00e8re unique de votre propri\u00e9t\u00e9 tout en cr\u00e9ant un lieu o\u00f9 vous vous sentez pleinement \u00e0 votre aise, un sanctuaire loin du tumulte journalier.<\/p>\n\n\n\n<hr class=\"wp-block-separator has-alpha-channel-opacity\"\/>\n\n\n\n<h3 class=\"wp-block-heading has-text-color has-link-color wp-elements-02263ffb3c4fead84cc37be512deda73\" style=\"color:#d6af70\"> <strong>Consultations<\/strong><\/h3>\n\n\n\n<p>Je suis toujours <strong>ouverte \u00e0 l&#8217;\u00e9tude de nouveaux projets potentiels<\/strong> et disponible pour des collaborations. C&#8217;est avec grand plaisir que je vous ferai b\u00e9n\u00e9ficier de mon expertise.<\/p>\n\n\n\n<p>J&#8217;op\u00e8re sur l&#8217;ensemble de la <strong>C\u00f4te d&#8217;Azur<\/strong>, couvrant la r\u00e9gion <strong>de Monaco \u00e0 Saint-Tropez<\/strong>.<\/p>\n\n\n\n<p>Pour engager notre dialogue, <strong>la premi\u00e8re consultation et la visite sur site vous sont offertes<\/strong>. Contactez-moi afin que nous commencions \u00e0 cr\u00e9er <strong>l&#8217;ensemble harmonieux de votre villa et de son jardin<\/strong>, en parfaite ad\u00e9quation avec votre art de vivre.<\/p>\n\n\n\n<figure class=\"wp-block-gallery has-nested-images columns-default is-cropped wp-block-gallery-1 is-layout-flex wp-block-gallery-is-layout-flex\">\n<figure class=\"wp-block-image size-large\"><img loading=\"lazy\" decoding=\"async\" width=\"898\" height=\"1024\" data-id=\"11\" src=\"http:\/\/anneceleste.fr\/wp-content\/uploads\/2025\/11\/494089889_1248317833965447_6730376976630501296_n-898x1024.jpg\" alt=\"\" class=\"wp-image-11\" srcset=\"https:\/\/anneceleste.fr\/wp-content\/uploads\/2025\/11\/494089889_1248317833965447_6730376976630501296_n-898x1024.jpg 898w, https:\/\/anneceleste.fr\/wp-content\/uploads\/2025\/11\/494089889_1248317833965447_6730376976630501296_n-263x300.jpg 263w, https:\/\/anneceleste.fr\/wp-content\/uploads\/2025\/11\/494089889_1248317833965447_6730376976630501296_n-768x876.jpg 768w, https:\/\/anneceleste.fr\/wp-content\/uploads\/2025\/11\/494089889_1248317833965447_6730376976630501296_n-1347x1536.jpg 1347w, https:\/\/anneceleste.fr\/wp-content\/uploads\/2025\/11\/494089889_1248317833965447_6730376976630501296_n.jpg 1796w\" sizes=\"auto, (max-width: 898px) 100vw, 898px\" \/><\/figure>\n\n\n\n<figure class=\"wp-block-image size-large\"><img loading=\"lazy\" decoding=\"async\" width=\"898\" height=\"1024\" data-id=\"8\" src=\"http:\/\/anneceleste.fr\/wp-content\/uploads\/2025\/11\/494420350_1248317893965441_2649856660303853275_n-898x1024.jpg\" alt=\"\" class=\"wp-image-8\" srcset=\"https:\/\/anneceleste.fr\/wp-content\/uploads\/2025\/11\/494420350_1248317893965441_2649856660303853275_n-898x1024.jpg 898w, https:\/\/anneceleste.fr\/wp-content\/uploads\/2025\/11\/494420350_1248317893965441_2649856660303853275_n-263x300.jpg 263w, https:\/\/anneceleste.fr\/wp-content\/uploads\/2025\/11\/494420350_1248317893965441_2649856660303853275_n-768x876.jpg 768w, https:\/\/anneceleste.fr\/wp-content\/uploads\/2025\/11\/494420350_1248317893965441_2649856660303853275_n-1347x1536.jpg 1347w, https:\/\/anneceleste.fr\/wp-content\/uploads\/2025\/11\/494420350_1248317893965441_2649856660303853275_n.jpg 1796w\" sizes=\"auto, (max-width: 898px) 100vw, 898px\" \/><\/figure>\n\n\n\n<figure class=\"wp-block-image size-large\"><img loading=\"lazy\" decoding=\"async\" width=\"898\" height=\"1024\" data-id=\"10\" src=\"http:\/\/anneceleste.fr\/wp-content\/uploads\/2025\/11\/494697565_1248317830632114_4604522742798273660_n-898x1024.jpg\" alt=\"\" class=\"wp-image-10\" srcset=\"https:\/\/anneceleste.fr\/wp-content\/uploads\/2025\/11\/494697565_1248317830632114_4604522742798273660_n-898x1024.jpg 898w, https:\/\/anneceleste.fr\/wp-content\/uploads\/2025\/11\/494697565_1248317830632114_4604522742798273660_n-263x300.jpg 263w, https:\/\/anneceleste.fr\/wp-content\/uploads\/2025\/11\/494697565_1248317830632114_4604522742798273660_n-768x876.jpg 768w, https:\/\/anneceleste.fr\/wp-content\/uploads\/2025\/11\/494697565_1248317830632114_4604522742798273660_n-1347x1536.jpg 1347w, https:\/\/anneceleste.fr\/wp-content\/uploads\/2025\/11\/494697565_1248317830632114_4604522742798273660_n.jpg 1796w\" sizes=\"auto, (max-width: 898px) 100vw, 898px\" \/><\/figure>\n\n\n\n<figure class=\"wp-block-image size-large\"><img loading=\"lazy\" decoding=\"async\" width=\"1024\" height=\"576\" data-id=\"12\" src=\"http:\/\/anneceleste.fr\/wp-content\/uploads\/2025\/11\/int1-1024x576.jpg\" alt=\"\" class=\"wp-image-12\" srcset=\"https:\/\/anneceleste.fr\/wp-content\/uploads\/2025\/11\/int1-1024x576.jpg 1024w, https:\/\/anneceleste.fr\/wp-content\/uploads\/2025\/11\/int1-300x169.jpg 300w, https:\/\/anneceleste.fr\/wp-content\/uploads\/2025\/11\/int1-768x432.jpg 768w, https:\/\/anneceleste.fr\/wp-content\/uploads\/2025\/11\/int1-1536x864.jpg 1536w, https:\/\/anneceleste.fr\/wp-content\/uploads\/2025\/11\/int1.jpg 2048w\" sizes=\"auto, (max-width: 1024px) 100vw, 1024px\" \/><\/figure>\n\n\n\n<figure class=\"wp-block-image size-large\"><img loading=\"lazy\" decoding=\"async\" width=\"898\" height=\"1024\" data-id=\"13\" src=\"http:\/\/anneceleste.fr\/wp-content\/uploads\/2025\/11\/avant-apres-1-1-898x1024.jpg\" alt=\"\" class=\"wp-image-13\" srcset=\"https:\/\/anneceleste.fr\/wp-content\/uploads\/2025\/11\/avant-apres-1-1-898x1024.jpg 898w, https:\/\/anneceleste.fr\/wp-content\/uploads\/2025\/11\/avant-apres-1-1-263x300.jpg 263w, https:\/\/anneceleste.fr\/wp-content\/uploads\/2025\/11\/avant-apres-1-1-768x876.jpg 768w, https:\/\/anneceleste.fr\/wp-content\/uploads\/2025\/11\/avant-apres-1-1-1347x1536.jpg 1347w, https:\/\/anneceleste.fr\/wp-content\/uploads\/2025\/11\/avant-apres-1-1-1796x2048.jpg 1796w, https:\/\/anneceleste.fr\/wp-content\/uploads\/2025\/11\/avant-apres-1-1.jpg 1989w\" sizes=\"auto, (max-width: 898px) 100vw, 898px\" \/><\/figure>\n\n\n\n<figure class=\"wp-block-image size-large\"><img loading=\"lazy\" decoding=\"async\" width=\"600\" height=\"394\" data-id=\"14\" src=\"http:\/\/anneceleste.fr\/wp-content\/uploads\/2025\/11\/3d1.jpg\" alt=\"\" class=\"wp-image-14\" srcset=\"https:\/\/anneceleste.fr\/wp-content\/uploads\/2025\/11\/3d1.jpg 600w, https:\/\/anneceleste.fr\/wp-content\/uploads\/2025\/11\/3d1-300x197.jpg 300w\" sizes=\"auto, (max-width: 600px) 100vw, 600px\" \/><\/figure>\n\n\n\n<figure class=\"wp-block-image size-medium\"><img loading=\"lazy\" decoding=\"async\" width=\"225\" height=\"300\" data-id=\"20\" src=\"http:\/\/anneceleste.fr\/wp-content\/uploads\/2025\/11\/48362822_10155792996956056_7658249554344542208_o-225x300.jpg\" alt=\"\" class=\"wp-image-20\" srcset=\"https:\/\/anneceleste.fr\/wp-content\/uploads\/2025\/11\/48362822_10155792996956056_7658249554344542208_o-225x300.jpg 225w, https:\/\/anneceleste.fr\/wp-content\/uploads\/2025\/11\/48362822_10155792996956056_7658249554344542208_o.jpg 724w\" sizes=\"auto, (max-width: 225px) 100vw, 225px\" \/><\/figure>\n<\/figure>\n\n\n\n<p><\/p>\n","protected":false},"excerpt":{"rendered":"<p>Architecte d&#8217;int\u00e9rieur et paysagiste Anne C\u00e9leste Je suis Anne C\u00e9leste. Ma passion pour l&#8217;architecture et la d\u00e9coration int\u00e9rieure est \u00e9tay\u00e9e par une formation re\u00e7ue \u00e0 l&#8217;Acad\u00e9mie d&#8217;Architecture et des Beaux-Arts de l&#8221;OURAL, o\u00f9 j&#8217;ai obtenu une double sp\u00e9cialisation en design d&#8217;int\u00e9rieur et architecture paysag\u00e8re. Mon parcours pratique a d\u00e9but\u00e9 il y a dix ans au [&hellip;]<\/p>\n","protected":false},"author":1,"featured_media":0,"parent":0,"menu_order":0,"comment_status":"closed","ping_status":"open","template":"","meta":{"footnotes":""},"class_list":["post-2","page","type-page","status-publish","hentry"],"_links":{"self":[{"href":"https:\/\/anneceleste.fr\/index.php?rest_route=\/wp\/v2\/pages\/2","targetHints":{"allow":["GET"]}}],"collection":[{"href":"https:\/\/anneceleste.fr\/index.php?rest_route=\/wp\/v2\/pages"}],"about":[{"href":"https:\/\/anneceleste.fr\/index.php?rest_route=\/wp\/v2\/types\/page"}],"author":[{"embeddable":true,"href":"https:\/\/anneceleste.fr\/index.php?rest_route=\/wp\/v2\/users\/1"}],"replies":[{"embeddable":true,"href":"https:\/\/anneceleste.fr\/index.php?rest_route=%2Fwp%2Fv2%2Fcomments&post=2"}],"version-history":[{"count":4,"href":"https:\/\/anneceleste.fr\/index.php?rest_route=\/wp\/v2\/pages\/2\/revisions"}],"predecessor-version":[{"id":187,"href":"https:\/\/anneceleste.fr\/index.php?rest_route=\/wp\/v2\/pages\/2\/revisions\/187"}],"wp:attachment":[{"href":"https:\/\/anneceleste.fr\/index.php?rest_route=%2Fwp%2Fv2%2Fmedia&parent=2"}],"curies":[{"name":"wp","href":"https:\/\/api.w.org\/{rel}","templated":true}]}}